
What is the units digit of 2315?
5
What is the thousands digit of 4939?
4
What is the thousands digit of 1968?
1
What is the hundreds digit of 9897?
8
What is the thousands digit of 2670?
2
What is the hundreds digit of 2637?
6
What is the tens digit of 69580?
8
What is the tens digit of 17195?
9
What is the tens digit of 1404?
0
What is the ten thousands digit of 31394?
3
What is the units digit of 4289?
9
What is the thousands digit of 49578?
9
What is the thousands digit of 2726?
2
What is the hundreds digit of 1196?
1
What is the thousands digit of 27505?
7
What is the thousands digit of 5466?
5
What is the hundreds digit of 3423?
4
What is the tens digit of 26?
2
What is the thousands digit of 3466?
3
What is the units digit of 72?
2
What is the tens digit of 925?
2
What is the thousands digit of 2475?
2
What is the units digit of 459?
9
What is the tens digit of 373?
7
What is the hundreds digit of 51632?
6
What is the tens digit of 5870?
7
What is the hundreds digit of 146818?
8
What is the thousands digit of 2428?
2
What is the tens digit of 15552?
5
What is the units digit of 293?
3
What is the tens digit of 2958?
5
What is the units digit of 1378?
8
What is the thousands digit of 21331?
1
What is the ten thousands digit of 16503?
1
What is the ten thousands digit of 17370?
1
What is the hundreds digit of 12108?
1
What is the tens digit of 16?
1
What is the units digit of 643?
3
What is the hundreds digit of 6166?
1
What is the thousands digit of 8527?
8
What is the ten thousands digit of 54987?
5
What is the hundreds digit of 37265?
2
What is the hundreds digit of 1769?
7
What is the hundreds digit of 32950?
9
What is the hundreds digit of 11452?
4
What is the tens digit of 3835?
3
What is the units digit of 58007?
7
What is the tens digit of 917?
1
What is the thousands digit of 96026?
6
What is the units digit of 5801?
1
What is the ten thousands digit of 35487?
3
What is the thousands digit of 6556?
6
What is the tens digit of 37669?
6
What is the hundreds digit of 325?
3
What is the tens digit of 2592?
9
What is the units digit of 15258?
8
What is the hundreds digit of 29213?
2
What is the hundreds digit of 627?
6
What is the hundreds digit of 4602?
6
What is the tens digit of 164?
6
What is the hundreds digit of 850?
8
What is the tens digit of 233?
3
What is the thousands digit of 5506?
5
What is the tens digit of 1296?
9
What is the hundreds digit of 7466?
4
What is the ten thousands digit of 19215?
1
What is the tens digit of 4569?
6
What is the tens digit of 135?
3
What is the ten thousands digit of 46599?
4
What is the tens digit of 32221?
2
What is the units digit of 79516?
6
What is the units digit of 92?
2
What is the hundreds digit of 30193?
1
What is the ten thousands digit of 50748?
5
What is the ten thousands digit of 28297?
2
What is the hundreds digit of 2184?
1
What is the tens digit of 957?
5
What is the units digit of 117641?
1
What is the units digit of 33673?
3
What is the tens digit of 596?
9
What is the hundreds digit of 915?
9
What is the thousands digit of 43953?
3
What is the units digit of 4238?
8
What is the hundreds digit of 1419?
4
What is the units digit of 5766?
6
What is the units digit of 852?
2
What is the thousands digit of 2262?
2
What is the tens digit of 4151?
5
What is the hundreds digit of 67016?
0
What is the hundreds digit of 1881?
8
What is the hundreds digit of 1140?
1
What is the hundreds digit of 230?
2
What is the units digit of 19923?
3
What is the thousands digit of 125090?
5
What is the thousands digit of 2037?
2
What is the tens digit of 1020?
2
What is the hundreds digit of 8058?
0
What is the tens digit of 1160?
6
What is the ten thousands digit of 16784?
1
What is the units digit of 8876?
6
What is the units digit of 2531?
1
What is the units digit of 3636?
6
What is the ten thousands digit of 71481?
7
What is the thousands digit of 17159?
7
What is the tens digit of 57906?
0
What is the hundreds digit of 12796?
7
What is the hundreds digit of 145110?
1
What is the units digit of 7835?
5
What is the ten thousands digit of 13913?
1
What is the tens digit of 322?
2
What is the hundreds digit of 901?
9
What is the units digit of 23097?
7
What is the tens digit of 114850?
5
What is the units digit of 25065?
5
What is the thousands digit of 77480?
7
What is the tens digit of 6325?
2
What is the thousands digit of 1540?
1
What is the hundreds digit of 560?
5
What is the hundred thousands digit of 120172?
1
What is the units digit of 11073?
3
What is the units digit of 37213?
3
What is the tens digit of 254?
5
What is the tens digit of 5138?
3
What is the tens digit of 162?
6
What is the thousands digit of 11256?
1
What is the thousands digit of 2310?
2
What is the tens digit of 4267?
6
What is the units digit of 2105?
5
What is the units digit of 6350?
0
What is the hundreds digit of 242?
2
What is the thousands digit of 45243?
5
What is the units digit of 610?
0
What is the hundreds digit of 340?
3
What is the hundreds digit of 808?
8
What is the hundreds digit of 7165?
1
What is the hundred thousands digit of 105064?
1
What is the units digit of 68342?
2
What is the ten thousands digit of 13121?
1
What is the tens digit of 4596?
9
What is the hundreds digit of 1963?
9
What is the units digit of 342?
2
What is the ten thousands digit of 30902?
3
What is the tens digit of 494?
9
What is the tens digit of 2666?
6
What is the hundreds digit of 6979?
9
What is the hundreds digit of 3586?
5
What is the hundreds digit of 14163?
1
What is the units digit of 1471?
1
What is the thousands digit of 20550?
0
What is the units digit of 14365?
5
What is the units digit of 10085?
5
What is the tens digit of 4178?
7
What is the thousands digit of 3953?
3
What is the hundreds digit of 6636?
6
What is the units digit of 70216?
6
What is the hundreds digit of 214?
2
What is the tens digit of 330?
3
What is the hundreds digit of 468?
4
What is the thousands digit of 8641?
8
What is the hundreds digit of 140?
1
What is the hundreds digit of 152?
1
What is the thousands digit of 10748?
0
What is the thousands digit of 30748?
0
What is the tens digit of 4250?
5
What is the tens digit of 59?
5
What is the thousands digit of 30807?
0
What is the units digit of 2710?
0
What is the hundreds digit of 552?
5
What is the units digit of 4189?
9
What is the thousands digit of 1280?
1
What is the hundreds digit of 1350?
3
What is the hundreds digit of 16576?
5
What is the tens digit of 16823?
2
What is the units digit of 58382?
2
What is the thousands digit of 1784?
1
What is the thousands digit of 4758?
4
What is the ten thousands digit of 51315?
5
What is the thousands digit of 13162?
3
What is the hundreds digit of 845?
8
What is the units digit of 168929?
9
What is the ten thousands digit of 11954?
1
What is the ten thousands digit of 16829?
1
What is the hundreds digit of 19553?
5
What is the tens digit of 8433?
3
What is the units digit of 10246?
6
What is the ten thousands digit of 132596?
3
What is the units digit of 8726?
6
What is the hundreds digit of 55449?
4
What is the hundreds digit of 4235?
2
What is the hundreds digit of 46241?
2
What is the thousands digit of 24036?
4
What is the tens digit of 26768?
6
What is the hundreds digit of 3553?
5
What is the units digit of 22356?
6
What is the hundreds digit of 5910?
9
What is the ten thousands digit of 53332?
5
What is the tens digit of 23069?
6
What is the hundreds digit of 57365?
3
What is the thousands digit of 16108?
6
What is the units digit of 8458?
8
What is the hundreds digit of 2133?
1
What is the ten thousands digit of 28427?
2
What is the hundreds digit of 8209?
2
What is the thousands digit of 44376?
4
What is the tens digit of 46032?
3
What is the units digit of 3119?
9
What is the hundreds digit of 19453?
4
What is the tens digit of 3691?
9
What is the units digit of 682?
2
What is the tens digit of 610?
1
What is the units digit of 8379?
9
What is the tens digit of 10470?
7
What is the hundreds digit of 270?
2
What is the units digit of 2413?
3
What is the units digit of 3207?
7
What is the tens digit of 43713?
1
What is the tens digit of 21656?
5
What is the tens digit of 158040?
4
What is the tens digit of 14922?
2
What is the t